8455473
What is -32150520 (base 6) in base 9?
-1703733
-61a4621 (base 11) to base 7
-162004333
-11000111101010100001 (base 2) to base 16
-c7aa1
167711 (base 11) to base 6
5315225
-18804 (base 13) to base 9
-72130
Convert -11100110000111000 (base 2) to base 11.
-80576
Convert 311626 (base 7) to base 9.
81321
-212011020001 (base 3) to base 2
-1101111010001101100
Convert 1505415 (base 7) to base 9.
340260
Convert -1110110010001011101000 (base 2) to base 3.
-21021220021021
What is -121432 (base 10) in base 5?
-12341212
Convert -10113111 (base 5) to base 14.
-21db3
What is 1404143233 (base 5) in base 15?
4abeb3
Convert 11120111202120 (base 3) to base 14.
473d3b
What is 2226445 (base 8) in base 7?
5053204
Convert -5b035 (base 14) to base 2.
-110110010001100111
-32212420 (base 5) to base 13
-97273
-1101111001000111111 (base 2) to base 12
-19b53b
What is 45273 (base 9) in base 7?
153543
6264523 (base 8) to base 13
46402b
What is 362552 (base 7) in base 15?
14765
Convert 23ed7 (base 16) to base 2.
100011111011010111
-1111111100001110 (base 2) to base 15
-1452e
Convert 395770 (base 11) to base 10.
622501
Convert 33720 (base 14) to base 10.
124880
Convert 1412561 (base 7) to base 11.
119489
What is 2235110 (base 6) in base 4?
123303102
What is 4312241 (base 6) in base 7?
1541266
What is -232431414 (base 5) in base 14?
-1d8ba4
Convert -4b824 (base 15) to base 13.
-85b9a
What is -15443245 (base 6) in base 2?
-10000110010101101101
-1155235 (base 6) to base 10
-62087
Convert -41037340 (base 8) to base 10.
-8666848
Convert -1083312 (base 11) to base 8.
-7161302
Convert -1499a6 (base 11) to base 4.
-320311133
What is -3072c (base 15) in base 8?
-453624
What is -220002202111 (base 3) in base 9?
-802674
What is -11001111101110001101 (base 2) in base 11?
-531271
What is -8dd1 (base 14) in base 13?
-b309
Convert 3a20387 (base 12) to base 11.
6537350
-1078a34 (base 11) to base 16
-1cc6f7
Convert 12107 (base 16) to base 8.
220407
Convert -32908 (base 15) to base 10.
-160658
What is 4d83d9 (base 15) in base 14?
6ccd68
Convert 1836bb (base 13) to base 11.
3854aa
What is 4bb72 (base 16) in base 13?
ab212
Convert -54483 (base 12) to base 7.
-642252
115361 (base 8) to base 9
60362
1468c8 (base 13) to base 4
1322020023
-14430540 (base 6) to base 8
-1723774
Convert -191cdb4 (base 14) to base 10.
-12444002
90798 (base 10) to base 4
112022232
Convert -100000000101100011 (base 2) to base 16.
-20163
1331273 (base 8) to base 11
235627
What is -10722767 (base 9) in base 16?
-4f8580
What is -12200000201220 (base 3) in base 10?
-3012036
Convert -22c3b4d (base 14) to base 12.
-568a075
Convert 134781 (base 9) to base 15.
195ad
What is -411063 (base 8) in base 11?
-92a82
What is -335381 (base 10) in base 8?
-1217025
-365868 (base 11) to base 15
-b66eb
What is -30254461 (base 8) in base 12?
-2178041
20c895 (base 14) to base 5
241012100
Convert 210422205 (base 6) to base 13.
9b7cc2
Convert 33023402 (base 5) to base 6.
10022025
Convert 103433333 (base 5) to base 16.
6e6f7
What is 39aaa2 (base 12) in base 5?
220430322
What is e44e (base 16) in base 5?
3332241
What is -7215346 (base 8) in base 4?
-13101223212
Convert 2485682 (base 10) to base 9.
4607638
308544 (base 9) to base 2
101100110010000000
Convert -7930a5 (base 12) to base 16.
-1d81bd
What is -1056034 (base 7) in base 15?
-29077
Convert -330021020 (base 4) to base 12.
-ba688
23301122 (base 4) to base 11
33255
Convert 10111122312 (base 4) to base 7.
12441600
-1510645 (base 7) to base 11
-12a63a
What is -2753901 (base 10) in base 8?
-12402555
What is 44aa2 (base 12) in base 10?
91418
a3513 (base 15) to base 8
1762616
What is 1244544 (base 7) in base 9?
266833
What is -626707 (base 8) in base 14?
-55cc7
Convert -111011000000111111 (base 2) to base 7.
-2024513
What is -1102200211211 (base 3) in base 10?
-761692
What is -7440500 (base 10) in base 16?
-718874
What is -11204221 (base 5) in base 12?
-4a241
What is -553445 (base 6) in base 7?
-251432
Convert 1022222011 (base 3) to base 10.
26221
What is 7756a (base 11) in base 12?
55119
110111111021 (base 3) to base 16
3c10f
Convert 111222101002211 (base 3) to base 14.
db4d33
Convert -1000011001001000101001 (base 2) to base 3.
-11010202222101
d8aaec (base 15) to base 9
21357816
-377102 (base 8) to base 6
-2444430
What is -10100111000111011110001 (base 2) in base 3?
-101022012202211
Convert -13223321130 (base 4) to base 5.
-1003433222
Convert -200020122 (base 6) to base 15.
-46619e
251717 (base 8) to base 11
5a3a3
-12021303102 (base 4) to base 13
-446259
-1889575 (base 13) to base 5
-4024440410
What is 424223141 (base 5) in base 4?
12310303303
What is 2207214 (base 11) in base 4?
32301333232
a9838 (base 11) to base 15
32368
What is 1566268 (base 10) in base 7?
16212244
What is 978b16 (base 13) in base 7?
42160656
Convert 3a797 (base 12) to base 2.
10011101011100011
What is 18974 (base 10) in base 12?
ab92
Convert 44142304 (base 6) to base 7.
14135011
Convert -1a48ec (base 16) to base 4.
-12210203230
Convert -1253500 (base 6) to base 5.
-4211031
-4314010 (base 5) to base 8
-216455
What is 18651 (base 14) in base 7?
344431
What is 71168 (base 11) in base 15?
20c43
Convert 1141424000 (base 5) to base 10.
2686125
Convert 21123536 (base 7) to base 13.
4a78a2
Convert 205794 (base 10) to base 16.
323e2
15333363 (base 7) to base 3
2202201022220
Convert -5e535 (base 16) to base 11.
-244304
What is 547a1 (base 12) in base 2?
11011010001101001
Convert -110410003 (base 5) to base 11.
-2aa051
-19aca8 (base 14) to base 3
-1201102002122
Convert 20022030 (base 5) to base 10.
157765
Convert 1e869 (base 15) to base 13.
3654c
-297ac (base 14) to base 7
-606305
14aa53 (base 12) to base 4
1111211133
What is 14011001402 (base 5) in base 3?
1020020211120022
What is -c1b0 (base 14) in base 10?
-33278
What is 24039 (base 16) in base 10?
147513
-519640 (base 10) to base 8
-1766730
What is -10001111000011001001001 (base 2) in base 11?
-2711813
3221000020 (base 4) to base 3
1210111011021
What is 2326523 (base 10) in base 3?
11101012101112
What is 50beae (base 16) in base 6?
305230330
Convert -403001 (base 8) to base 14.
-36481
What is 311002111 (base 4) in base 13?
77b57
What is -20109c (base 13) in base 2?
-10110101110111010000
Convert -29797a (base 11) to base 2.
-1110001010111101100
What is -2684002 (base 10) in base 14?
-4dc1c6
Convert -3a4636 (base 12) to base 13.
-27894c
What is -31240142 (base 6) in base 13?
-259c55
What is 450404215 (base 6) in base 13?
18c4901
What is -fb0c0 (base 16) in base 7?
-11511632
100000010000000010 (base 2) to base 14
361d8
Convert 110021102023 (base 4) to base 9.
10838034
What is 166a (base 11) in base 16?
855
11415201 (base 6) to base 8
1277321
4122313 (base 5) to base 11
46549
-95cdd (base 14) to base 7
-3035266
What is 1010111 (base 3) in base 6?
3451
Convert 202324112 (base 5) to base 13.
22ab93
What is -10210102122211 (base 3) in base 16?
-1ec3a6
What is -11000001001101011011 (base 2) in base 6?
-24543455
Convert -3a390 (base 16) to base 11.
-1531a0
953f (base 16) to base 9
57362
What is -2403214402 (base 5) in base 6?
-314213530
-11001100111111010000010 (base 2) to base 12
-22bb22a
-49760 (base 12) to base 15
-1e786
Convert 2100122111122 (base 3) to base 8.
4616666
Convert -2ac6e (base 15) to base 16.
-21a4c
Convert -757ab2 (base 13) to base 11.
-1614a26
What is -404525505 (base 6) in base 8?
-32401761
Convert -38144 (base 12) to base 15.
-178bd
What is -9b2286 (base 14) in base 5?
-2322101430
-8e233 (base 15) to base 14
-badd2
Convert 4c597a (base 13) to base 7.
21433631
What is -5305503 (base 6) in base 11?
-166819
What is 4a80a (base 12) in base 4?
120300022
What is -412404 (base 9) in base 16?
-3bb3f
What is 41023120 (base 5) in base 6?
11022441
Convert -4215573 (base 10) to base 8.
-20051425
What is 7017c7 (base 14) in base 10?
3769059
746548 (base 15) to base 13
11bc568
What is 12a594 (base 14) in base 8?
2350206
Convert 3342433 (base 6) to base 4.
221101311
236535146 (base 7) to base 11
8398913
418136 (base 13) to base 2
101110101111010000011
Convert 374780 (base 10) to base 14.
9a820
What is -d4c29 (base 16) in base 9?
-1567374
-511414 (base 7) to base 10
-86986
Convert -67171a (base 15) to base 6.
-253205224
Convert -12245c (base 13) to base 16.
-69d9a
8c0e (base